{"id":14898,"date":"2020-02-27T22:36:10","date_gmt":"2020-02-27T22:36:10","guid":{"rendered":"https:\/\/botex.net\/shop\/?post_type=product&#038;p=14898"},"modified":"2020-12-22T08:30:10","modified_gmt":"2020-12-22T08:30:10","slug":"carta-de-colores","status":"publish","type":"product","link":"https:\/\/botex.net\/shop\/hilo\/carta-de-colores\/","title":{"rendered":"Carta de Colores Hilos Botex"},"content":{"rendered":"<p>262 colores distintos de hilos de coser.<\/p>\n<p>En productos est\u00e1ndar, cualquier cantidad.<br \/>\nEn resto de productos consultar m\u00ednimos de producci\u00f3n. P\u00eddanos el muestrario de colores.<\/p>\n<p>Cualquier otro color no incluido en esta carta puede solicitarse bajo pedido.<br \/>\nOtros grosores y materiales, consultar disponibilidad.<\/p>\n","protected":false},"excerpt":{"rendered":"<p>La carta de colores de Botex comprende 262 colores.<\/p>\n<p><center><a href=\"https:\/\/botex.net\/shop\/carta-de-colores\"><button class=\"descarga\"><i class=\"fa fa-file-pdf-o\" style=\"font-size: 24px ;color: #fff ;margin-left: 5px ;margin-right: 10px ;\"><\/i>Descargar GRATIS la versi\u00f3n en PDF!<\/button><\/a><\/center><\/p>\n","protected":false},"featured_media":15022,"template":"","meta":[],"product_cat":[1923],"product_tag":[2080],"yoast_head":"<!-- This site is optimized with the Yoast SEO plugin v22.3 - https:\/\/yoast.com\/wordpress\/plugins\/seo\/ -->\n<title>Carta de Colores Hilos Botex | Botex.net | Tienda online de hilos de coser<\/title>\n<meta name=\"robots\" content=\"index, follow, max-snippet:-1, max-image-preview:large, max-video-preview:-1\" \/>\n<link rel=\"canonical\" href=\"https:\/\/botex.net\/shop\/hilo\/carta-de-colores\/\" \/>\n<meta property=\"og:locale\" content=\"es_ES\" \/>\n<meta property=\"og:type\" content=\"article\" \/>\n<meta property=\"og:title\" content=\"Carta de Colores Hilos Botex | Botex.net | Tienda online de hilos de coser\" \/>\n<meta property=\"og:description\" content=\"La carta de colores de Botex comprende 262 colores.  Descargar GRATIS la versi\u00f3n en PDF!\" \/>\n<meta property=\"og:url\" content=\"https:\/\/botex.net\/shop\/hilo\/carta-de-colores\/\" \/>\n<meta property=\"og:site_name\" content=\"Botex.net | Tienda online de hilos de coser\" \/>\n<meta property=\"article:publisher\" content=\"https:\/\/www.facebook.com\/botex.hilos.coser\/\" \/>\n<meta property=\"article:modified_time\" content=\"2020-12-22T08:30:10+00:00\" \/>\n<meta property=\"og:image\" content=\"https:\/\/botex.net\/shop\/wp-content\/uploads\/carta-de-colores-botex.jpg\" \/>\n\t<meta property=\"og:image:width\" content=\"800\" \/>\n\t<meta property=\"og:image:height\" content=\"800\" \/>\n\t<meta property=\"og:image:type\" content=\"image\/jpeg\" \/>\n<meta name=\"twitter:card\" content=\"summary_large_image\" \/>\n<script type=\"application\/ld+json\" class=\"yoast-schema-graph\">{\"@context\":\"https:\/\/schema.org\",\"@graph\":[{\"@type\":\"WebPage\",\"@id\":\"https:\/\/botex.net\/shop\/hilo\/carta-de-colores\/\",\"url\":\"https:\/\/botex.net\/shop\/hilo\/carta-de-colores\/\",\"name\":\"Carta de Colores Hilos Botex | Botex.net | Tienda online de hilos de coser\",\"isPartOf\":{\"@id\":\"https:\/\/botex.net\/shop\/#website\"},\"primaryImageOfPage\":{\"@id\":\"https:\/\/botex.net\/shop\/hilo\/carta-de-colores\/#primaryimage\"},\"image\":{\"@id\":\"https:\/\/botex.net\/shop\/hilo\/carta-de-colores\/#primaryimage\"},\"thumbnailUrl\":\"https:\/\/botex.net\/shop\/wp-content\/uploads\/carta-de-colores-botex.jpg\",\"datePublished\":\"2020-02-27T22:36:10+00:00\",\"dateModified\":\"2020-12-22T08:30:10+00:00\",\"breadcrumb\":{\"@id\":\"https:\/\/botex.net\/shop\/hilo\/carta-de-colores\/#breadcrumb\"},\"inLanguage\":\"es\",\"potentialAction\":[{\"@type\":\"ReadAction\",\"target\":[\"https:\/\/botex.net\/shop\/hilo\/carta-de-colores\/\"]}]},{\"@type\":\"ImageObject\",\"inLanguage\":\"es\",\"@id\":\"https:\/\/botex.net\/shop\/hilo\/carta-de-colores\/#primaryimage\",\"url\":\"https:\/\/botex.net\/shop\/wp-content\/uploads\/carta-de-colores-botex.jpg\",\"contentUrl\":\"https:\/\/botex.net\/shop\/wp-content\/uploads\/carta-de-colores-botex.jpg\",\"width\":800,\"height\":800,\"caption\":\"carta de colores botex\"},{\"@type\":\"BreadcrumbList\",\"@id\":\"https:\/\/botex.net\/shop\/hilo\/carta-de-colores\/#breadcrumb\",\"itemListElement\":[{\"@type\":\"ListItem\",\"position\":1,\"name\":\"Portada\",\"item\":\"https:\/\/botex.net\/shop\/\"},{\"@type\":\"ListItem\",\"position\":2,\"name\":\"Tienda\",\"item\":\"https:\/\/botex.net\/shop\/tienda\/\"},{\"@type\":\"ListItem\",\"position\":3,\"name\":\"Carta de Colores Hilos Botex\"}]},{\"@type\":\"WebSite\",\"@id\":\"https:\/\/botex.net\/shop\/#website\",\"url\":\"https:\/\/botex.net\/shop\/\",\"name\":\"Botex | Tienda de hilos para coser\",\"description\":\"Encuentra los mejores hilos para tus proyectos de costura\",\"publisher\":{\"@id\":\"https:\/\/botex.net\/shop\/#organization\"},\"potentialAction\":[{\"@type\":\"SearchAction\",\"target\":{\"@type\":\"EntryPoint\",\"urlTemplate\":\"https:\/\/botex.net\/shop\/?s={search_term_string}\"},\"query-input\":\"required name=search_term_string\"}],\"inLanguage\":\"es\"},{\"@type\":\"Organization\",\"@id\":\"https:\/\/botex.net\/shop\/#organization\",\"name\":\"Botex | Tienda de hilos para coser\",\"url\":\"https:\/\/botex.net\/shop\/\",\"logo\":{\"@type\":\"ImageObject\",\"inLanguage\":\"es\",\"@id\":\"https:\/\/botex.net\/shop\/#\/schema\/logo\/image\/\",\"url\":\"https:\/\/botex.net\/shop\/wp-content\/uploads\/2020\/01\/botex.png\",\"contentUrl\":\"https:\/\/botex.net\/shop\/wp-content\/uploads\/2020\/01\/botex.png\",\"width\":260,\"height\":88,\"caption\":\"Botex | Tienda de hilos para coser\"},\"image\":{\"@id\":\"https:\/\/botex.net\/shop\/#\/schema\/logo\/image\/\"},\"sameAs\":[\"https:\/\/www.facebook.com\/botex.hilos.coser\/\"]}]}<\/script>\n<!-- \/ Yoast SEO plugin. -->","yoast_head_json":{"title":"Carta de Colores Hilos Botex | Botex.net | Tienda online de hilos de coser","robots":{"index":"index","follow":"follow","max-snippet":"max-snippet:-1","max-image-preview":"max-image-preview:large","max-video-preview":"max-video-preview:-1"},"canonical":"https:\/\/botex.net\/shop\/hilo\/carta-de-colores\/","og_locale":"es_ES","og_type":"article","og_title":"Carta de Colores Hilos Botex | Botex.net | Tienda online de hilos de coser","og_description":"La carta de colores de Botex comprende 262 colores.  Descargar GRATIS la versi\u00f3n en PDF!","og_url":"https:\/\/botex.net\/shop\/hilo\/carta-de-colores\/","og_site_name":"Botex.net | Tienda online de hilos de coser","article_publisher":"https:\/\/www.facebook.com\/botex.hilos.coser\/","article_modified_time":"2020-12-22T08:30:10+00:00","og_image":[{"width":800,"height":800,"url":"https:\/\/botex.net\/shop\/wp-content\/uploads\/carta-de-colores-botex.jpg","type":"image\/jpeg"}],"twitter_card":"summary_large_image","schema":{"@context":"https:\/\/schema.org","@graph":[{"@type":"WebPage","@id":"https:\/\/botex.net\/shop\/hilo\/carta-de-colores\/","url":"https:\/\/botex.net\/shop\/hilo\/carta-de-colores\/","name":"Carta de Colores Hilos Botex | Botex.net | Tienda online de hilos de coser","isPartOf":{"@id":"https:\/\/botex.net\/shop\/#website"},"primaryImageOfPage":{"@id":"https:\/\/botex.net\/shop\/hilo\/carta-de-colores\/#primaryimage"},"image":{"@id":"https:\/\/botex.net\/shop\/hilo\/carta-de-colores\/#primaryimage"},"thumbnailUrl":"https:\/\/botex.net\/shop\/wp-content\/uploads\/carta-de-colores-botex.jpg","datePublished":"2020-02-27T22:36:10+00:00","dateModified":"2020-12-22T08:30:10+00:00","breadcrumb":{"@id":"https:\/\/botex.net\/shop\/hilo\/carta-de-colores\/#breadcrumb"},"inLanguage":"es","potentialAction":[{"@type":"ReadAction","target":["https:\/\/botex.net\/shop\/hilo\/carta-de-colores\/"]}]},{"@type":"ImageObject","inLanguage":"es","@id":"https:\/\/botex.net\/shop\/hilo\/carta-de-colores\/#primaryimage","url":"https:\/\/botex.net\/shop\/wp-content\/uploads\/carta-de-colores-botex.jpg","contentUrl":"https:\/\/botex.net\/shop\/wp-content\/uploads\/carta-de-colores-botex.jpg","width":800,"height":800,"caption":"carta de colores botex"},{"@type":"BreadcrumbList","@id":"https:\/\/botex.net\/shop\/hilo\/carta-de-colores\/#breadcrumb","itemListElement":[{"@type":"ListItem","position":1,"name":"Portada","item":"https:\/\/botex.net\/shop\/"},{"@type":"ListItem","position":2,"name":"Tienda","item":"https:\/\/botex.net\/shop\/tienda\/"},{"@type":"ListItem","position":3,"name":"Carta de Colores Hilos Botex"}]},{"@type":"WebSite","@id":"https:\/\/botex.net\/shop\/#website","url":"https:\/\/botex.net\/shop\/","name":"Botex | Tienda de hilos para coser","description":"Encuentra los mejores hilos para tus proyectos de costura","publisher":{"@id":"https:\/\/botex.net\/shop\/#organization"},"potentialAction":[{"@type":"SearchAction","target":{"@type":"EntryPoint","urlTemplate":"https:\/\/botex.net\/shop\/?s={search_term_string}"},"query-input":"required name=search_term_string"}],"inLanguage":"es"},{"@type":"Organization","@id":"https:\/\/botex.net\/shop\/#organization","name":"Botex | Tienda de hilos para coser","url":"https:\/\/botex.net\/shop\/","logo":{"@type":"ImageObject","inLanguage":"es","@id":"https:\/\/botex.net\/shop\/#\/schema\/logo\/image\/","url":"https:\/\/botex.net\/shop\/wp-content\/uploads\/2020\/01\/botex.png","contentUrl":"https:\/\/botex.net\/shop\/wp-content\/uploads\/2020\/01\/botex.png","width":260,"height":88,"caption":"Botex | Tienda de hilos para coser"},"image":{"@id":"https:\/\/botex.net\/shop\/#\/schema\/logo\/image\/"},"sameAs":["https:\/\/www.facebook.com\/botex.hilos.coser\/"]}]}},"lang":"es","translations":{"es":14898},"pll_sync_post":[],"_links":{"self":[{"href":"https:\/\/botex.net\/shop\/wp-json\/wp\/v2\/product\/14898"}],"collection":[{"href":"https:\/\/botex.net\/shop\/wp-json\/wp\/v2\/product"}],"about":[{"href":"https:\/\/botex.net\/shop\/wp-json\/wp\/v2\/types\/product"}],"wp:featuredmedia":[{"embeddable":true,"href":"https:\/\/botex.net\/shop\/wp-json\/wp\/v2\/media\/15022"}],"wp:attachment":[{"href":"https:\/\/botex.net\/shop\/wp-json\/wp\/v2\/media?parent=14898"}],"wp:term":[{"taxonomy":"product_cat","embeddable":true,"href":"https:\/\/botex.net\/shop\/wp-json\/wp\/v2\/product_cat?post=14898"},{"taxonomy":"product_tag","embeddable":true,"href":"https:\/\/botex.net\/shop\/wp-json\/wp\/v2\/product_tag?post=14898"}],"curies":[{"name":"wp","href":"https:\/\/api.w.org\/{rel}","templated":true}]}}